{"id":9,"date":"2023-09-25T07:54:02","date_gmt":"2023-09-25T07:54:02","guid":{"rendered":"https:\/\/demo.fanetwork.net\/?page_id=9"},"modified":"2023-09-26T10:21:03","modified_gmt":"2023-09-26T10:21:03","slug":"startseite","status":"publish","type":"page","link":"https:\/\/demo.fanetwork.net\/","title":{"rendered":"SPACE EXPLORERS"},"content":{"rendered":"\n<div class=\"wp-block-cover alignfull is-light wp-duotone-unset-1\" style=\"min-height:563px;aspect-ratio:unset;\"><span aria-hidden=\"true\" class=\"wp-block-cover__background has-background-dim-30 has-background-dim wp-block-cover__gradient-background has-background-gradient\" style=\"background:linear-gradient(135deg,rgb(0,0,0) 0%,rgb(0,0,0) 100%)\"><\/span><video class=\"wp-block-cover__video-background intrinsic-ignore\" autoplay muted loop playsinline src=\"https:\/\/demo.fanetwork.net\/wp-content\/uploads\/2023\/09\/y2mate.is-Earth-from-space-Video-clip-DGy_bSUzCBA-720p-1695649295-2.mp4\" data-object-fit=\"cover\"><\/video><div class=\"wp-block-cover__inner-container is-layout-flow wp-block-cover-is-layout-flow\">\n<div class=\"wp-block-group alignwide\"><div class=\"wp-block-group__inner-container is-layout-constrained wp-block-group-is-layout-constrained\">\n<div class=\"wp-block-media-text alignwide has-media-on-the-right is-stacked-on-mobile is-vertically-aligned-center\" style=\"grid-template-columns:auto 43%\"><div class=\"wp-block-media-text__content\">\n<h1 class=\"wp-block-heading has-text-align-left has-white-color has-text-color has-x-large-font-size\">Lerne das Universum kennen!<\/h1>\n\n\n\n<p><mark style=\"background-color:rgba(0, 0, 0, 0)\" class=\"has-inline-color has-white-color\">Erfahre mehr \u00fcber unsere Sterne und ihre Planeten. Erforsche das gro\u00dfe Unendliche mit unserer Videogallerie!<\/mark><\/p>\n\n\n\n<div class=\"wp-block-buttons is-layout-flex wp-block-buttons-is-layout-flex\">\n<div class=\"wp-block-button\"><a class=\"wp-block-button__link wp-element-button\" href=\"https:\/\/www.youtube.com\/results?search_query=space+documentary\" target=\"_blank\" rel=\"noreferrer noopener\"><mark style=\"background-color:rgba(0, 0, 0, 0)\" class=\"has-inline-color has-white-color\"><strong>ZUR VIDEOGALLERIE<\/strong><\/mark><\/a><\/div>\n\n\n\n<div class=\"wp-block-button\"><a class=\"wp-block-button__link wp-element-button\" href=\"https:\/\/de.wikipedia.org\/wiki\/Galaxie\"><strong><mark style=\"background-color:rgba(0, 0, 0, 0)\" class=\"has-inline-color has-white-color\">ZUR WIKI<\/mark><\/strong><\/a><\/div>\n<\/div>\n\n\n\n<div class=\"wp-block-ps2id-block-target\" id=\"categories\"><\/div>\n<\/div><figure class=\"wp-block-media-text__media\"><img loading=\"lazy\" decoding=\"async\" width=\"1000\" height=\"1000\" src=\"https:\/\/demo.fanetwork.net\/wp-content\/uploads\/2023\/09\/vecteezy_planet-galaxy-space_16778853_58.png\" alt=\"\" class=\"wp-image-194 size-full\" srcset=\"https:\/\/demo.fanetwork.net\/wp-content\/uploads\/2023\/09\/vecteezy_planet-galaxy-space_16778853_58.png 1000w, https:\/\/demo.fanetwork.net\/wp-content\/uploads\/2023\/09\/vecteezy_planet-galaxy-space_16778853_58-300x300.png 300w, https:\/\/demo.fanetwork.net\/wp-content\/uploads\/2023\/09\/vecteezy_planet-galaxy-space_16778853_58-150x150.png 150w, https:\/\/demo.fanetwork.net\/wp-content\/uploads\/2023\/09\/vecteezy_planet-galaxy-space_16778853_58-768x768.png 768w\" sizes=\"auto, (max-width: 1000px) 100vw, 1000px\" \/><\/figure><\/div>\n<\/div><\/div>\n<\/div><\/div>\n\n\n\n<p><\/p>\n\n\n\n<div class=\"wp-block-group alignfull\" style=\"padding-top:144px;padding-bottom:0px\"><div class=\"wp-block-group__inner-container is-layout-constrained wp-block-group-is-layout-constrained\">\n<h2 class=\"wp-block-heading\">Kategorien<\/h2>\n\n\n\n<div class=\"wp-block-columns is-layout-flex wp-container-core-columns-is-layout-f2dca054 wp-block-columns-is-layout-flex\" style=\"margin-top:50px\">\n<div class=\"wp-block-column is-layout-flow wp-block-column-is-layout-flow\">\n<figure class=\"wp-block-image size-large\"><a href=\"demo.fanetwork.net\/index.php\/category\/planeten\/\"><img loading=\"lazy\" decoding=\"async\" width=\"1024\" height=\"1024\" src=\"https:\/\/demo.fanetwork.net\/wp-content\/uploads\/2023\/09\/earth-11009_1920-1024x1024.jpg\" alt=\"\" class=\"wp-image-39\" srcset=\"https:\/\/demo.fanetwork.net\/wp-content\/uploads\/2023\/09\/earth-11009_1920-1024x1024.jpg 1024w, https:\/\/demo.fanetwork.net\/wp-content\/uploads\/2023\/09\/earth-11009_1920-300x300.jpg 300w, https:\/\/demo.fanetwork.net\/wp-content\/uploads\/2023\/09\/earth-11009_1920-150x150.jpg 150w, https:\/\/demo.fanetwork.net\/wp-content\/uploads\/2023\/09\/earth-11009_1920-768x768.jpg 768w, https:\/\/demo.fanetwork.net\/wp-content\/uploads\/2023\/09\/earth-11009_1920-1536x1536.jpg 1536w, https:\/\/demo.fanetwork.net\/wp-content\/uploads\/2023\/09\/earth-11009_1920.jpg 1920w\" sizes=\"auto, (max-width: 1024px) 100vw, 1024px\" \/><\/a><\/figure>\n\n\n\n<h3 class=\"wp-block-heading\" style=\"margin-top:16px\">Planeten<\/h3>\n\n\n\n<p>Das Wort Planet kommt aus dem Griechischen: planetos, &#8218;Umherschweifender&#8216;. Ein Planet ist ein kugelf\u00f6rmiges Himmelsobjekt, in dessen Innern im Gegensatz zu einem Stern wie unserer Sonne keine thermonuklearen Fusionsprozesse ablaufen.<\/p>\n<\/div>\n\n\n\n<div class=\"wp-block-column is-layout-flow wp-block-column-is-layout-flow\">\n<figure class=\"wp-block-image size-large\"><a href=\"https:\/\/demo.fanetwork.net\/index.php\/category\/sternsysteme\/\"><img loading=\"lazy\" decoding=\"async\" width=\"1024\" height=\"1024\" src=\"https:\/\/demo.fanetwork.net\/wp-content\/uploads\/2023\/09\/outer-planets-1024x1024.jpg\" alt=\"\" class=\"wp-image-40\" srcset=\"https:\/\/demo.fanetwork.net\/wp-content\/uploads\/2023\/09\/outer-planets-1024x1024.jpg 1024w, https:\/\/demo.fanetwork.net\/wp-content\/uploads\/2023\/09\/outer-planets-300x300.jpg 300w, https:\/\/demo.fanetwork.net\/wp-content\/uploads\/2023\/09\/outer-planets-150x150.jpg 150w, https:\/\/demo.fanetwork.net\/wp-content\/uploads\/2023\/09\/outer-planets-768x768.jpg 768w, https:\/\/demo.fanetwork.net\/wp-content\/uploads\/2023\/09\/outer-planets.jpg 1500w\" sizes=\"auto, (max-width: 1024px) 100vw, 1024px\" \/><\/a><\/figure>\n\n\n\n<h3 class=\"wp-block-heading\" style=\"margin-top:16px\">Sternensysteme<\/h3>\n\n\n\n<p>Sonnensystem, zusammenfassender Begriff f\u00fcr alle K\u00f6rper, die auf einer Umlaufbahn um die Sonne kreisen, die sich im Zentrum dieses Planetensystems befindet. Von innen nach au\u00dfen folgen die Planeten Merkur, Venus, Erde, Mars, Jupiter, Saturn, Uranus, Neptun und Pluto.<\/p>\n<\/div>\n\n\n\n<div class=\"wp-block-column is-layout-flow wp-block-column-is-layout-flow\">\n<figure class=\"wp-block-image size-large\"><img loading=\"lazy\" decoding=\"async\" width=\"1024\" height=\"1024\" src=\"https:\/\/demo.fanetwork.net\/wp-content\/uploads\/2023\/09\/NGC_4414_NASA-med-1024x1024.jpg\" alt=\"\" class=\"wp-image-41\" srcset=\"https:\/\/demo.fanetwork.net\/wp-content\/uploads\/2023\/09\/NGC_4414_NASA-med-1024x1024.jpg 1024w, https:\/\/demo.fanetwork.net\/wp-content\/uploads\/2023\/09\/NGC_4414_NASA-med-300x300.jpg 300w, https:\/\/demo.fanetwork.net\/wp-content\/uploads\/2023\/09\/NGC_4414_NASA-med-150x150.jpg 150w, https:\/\/demo.fanetwork.net\/wp-content\/uploads\/2023\/09\/NGC_4414_NASA-med-768x768.jpg 768w, https:\/\/demo.fanetwork.net\/wp-content\/uploads\/2023\/09\/NGC_4414_NASA-med.jpg 1057w\" sizes=\"auto, (max-width: 1024px) 100vw, 1024px\" \/><\/figure>\n\n\n\n<h3 class=\"wp-block-heading\" style=\"margin-top:16px\">Galaxien<\/h3>\n\n\n\n<div class=\"wp-block-ps2id-block-target\" id=\"videos\"><\/div>\n\n\n\n<p>In der Astronomie bezeichnet Galaxie eine Ansammlung von einigen 100 Milliarden Sternen. Galaxien geh\u00f6ren damit zu den gr\u00f6\u00dften Strukturen im Universum.<\/p>\n<\/div>\n<\/div>\n\n\n\n<p><\/p>\n\n\n\n<p><\/p>\n\n\n\n<p><\/p>\n\n\n\n<h2 class=\"wp-block-heading\">Empfohlene Videos<\/h2>\n\n\n\n<figure class=\"wp-block-embed alignfull is-type-video is-provider-youtube wp-block-embed-youtube wp-embed-aspect-16-9 wp-has-aspect-ratio\"><div class=\"wp-block-embed__wrapper\">\n<iframe loading=\"lazy\" title=\"The Black Hole That Kills Galaxies - Quasars\" width=\"500\" height=\"281\" src=\"https:\/\/www.youtube.com\/embed\/V4Z8EdiJxgk?list=PLFs4vir_WsTwEd-nJgVJCZPNL3HALHHpF\" frameborder=\"0\" allow=\"accelerometer; autoplay; clipboard-write; encrypted-media; gyroscope; picture-in-picture; web-share\" referrerpolicy=\"strict-origin-when-cross-origin\" allowfullscreen><\/iframe>\n<\/div><\/figure>\n\n\n\n<div class=\"wp-block-group alignfull\"><div class=\"wp-block-group__inner-container is-layout-constrained wp-block-group-is-layout-constrained\">\n<div class=\"wp-block-ps2id-block-target\" id=\"about\"><\/div>\n<\/div><\/div>\n<\/div><\/div>\n\n\n\n<div class=\"wp-block-cover alignfull\"><span aria-hidden=\"true\" class=\"wp-block-cover__background has-background-dim\"><\/span><img loading=\"lazy\" decoding=\"async\" width=\"1918\" height=\"1079\" class=\"wp-block-cover__image-background wp-image-186\" alt=\"\" src=\"https:\/\/demo.fanetwork.net\/wp-content\/uploads\/2023\/09\/cropped-milky-way-2695569_1920.jpg\" data-object-fit=\"cover\" srcset=\"https:\/\/demo.fanetwork.net\/wp-content\/uploads\/2023\/09\/cropped-milky-way-2695569_1920.jpg 1918w, https:\/\/demo.fanetwork.net\/wp-content\/uploads\/2023\/09\/cropped-milky-way-2695569_1920-300x169.jpg 300w, https:\/\/demo.fanetwork.net\/wp-content\/uploads\/2023\/09\/cropped-milky-way-2695569_1920-1024x576.jpg 1024w, https:\/\/demo.fanetwork.net\/wp-content\/uploads\/2023\/09\/cropped-milky-way-2695569_1920-768x432.jpg 768w, https:\/\/demo.fanetwork.net\/wp-content\/uploads\/2023\/09\/cropped-milky-way-2695569_1920-1536x864.jpg 1536w\" sizes=\"auto, (max-width: 1918px) 100vw, 1918px\" \/><div class=\"wp-block-cover__inner-container is-layout-constrained wp-block-cover-is-layout-constrained\">\n<p class=\"has-text-align-center has-large-font-size\"><strong><em>Bis in die Unendlichkeit &#8230;<\/em><\/strong><\/p>\n<\/div><\/div>\n\n\n\n<div class=\"wp-block-group alignfull has-ast-global-color-5-background-color has-background\" style=\"padding-top:143px;padding-bottom:144px\"><div class=\"wp-block-group__inner-container is-layout-constrained wp-container-core-group-is-layout-fe2c33bb wp-block-group-is-layout-constrained\">\n<div class=\"wp-block-media-text alignfull has-media-on-the-right is-stacked-on-mobile is-vertically-aligned-bottom\" style=\"grid-template-columns:auto 36%\"><div class=\"wp-block-media-text__content\">\n<div class=\"wp-block-group\" style=\"padding-right:80px\"><div class=\"wp-block-group__inner-container is-layout-constrained wp-container-core-group-is-layout-4b302186 wp-block-group-is-layout-constrained\">\n<h2 class=\"wp-block-heading\" style=\"padding-right:40px\">Erforsche Raum und Zeit<\/h2>\n\n\n\n<p>Das Universum ist unendlich gro\u00df. Genau so, wie unser Wissen dar\u00fcber! Space Explorers bietet dir eine Plattform, wo du alles m\u00f6gliche dar\u00fcber erfahren kannst.<\/p>\n\n\n\n<p>Mit unserem Lexiko der Astronomie und unserer Videogallerie \u00fcber das gesamte Universum, bieten wir dir eine galaktisch gro\u00dfe Wissensplattform!<\/p>\n<\/div><\/div>\n<\/div><figure class=\"wp-block-media-text__media\"><img loading=\"lazy\" decoding=\"async\" width=\"1024\" height=\"787\" src=\"https:\/\/demo.fanetwork.net\/wp-content\/uploads\/2023\/09\/1920-ringnebula-james-webb-1024x787.jpg\" alt=\"\" class=\"wp-image-44 size-full\" srcset=\"https:\/\/demo.fanetwork.net\/wp-content\/uploads\/2023\/09\/1920-ringnebula-james-webb-1024x787.jpg 1024w, https:\/\/demo.fanetwork.net\/wp-content\/uploads\/2023\/09\/1920-ringnebula-james-webb-300x231.jpg 300w, https:\/\/demo.fanetwork.net\/wp-content\/uploads\/2023\/09\/1920-ringnebula-james-webb-768x590.jpg 768w, https:\/\/demo.fanetwork.net\/wp-content\/uploads\/2023\/09\/1920-ringnebula-james-webb.jpg 1054w\" sizes=\"auto, (max-width: 1024px) 100vw, 1024px\" \/><\/figure><\/div>\n<\/div><\/div>\n\n\n\n<p><\/p>\n\n\n\n<p><\/p>\n\n\n\n<p><\/p>\n\n\n\n<div class=\"alignfull\"><div id=\"metaslider-id-278\" style=\"width: 100%;\" class=\"ml-slider-3-37-0 metaslider metaslider-flex metaslider-278 ml-slider ms-theme-default nav-hidden\" role=\"region\" aria-roledescription=\"Slideshow\" aria-label=\"New Slideshow\">\n    <div id=\"metaslider_container_278\">\n        <div id=\"metaslider_278\">\n            <ul aria-live=\"polite\" class=\"slides\">\n                <li style=\"display: block; width: 100%;\" class=\"slide-279 ms-image\" aria-roledescription=\"slide\" aria-label=\"slide-279\"><img loading=\"lazy\" decoding=\"async\" src=\"https:\/\/demo.fanetwork.net\/wp-content\/uploads\/2023\/09\/wp2834894.jpg\" height=\"300\" width=\"700\" alt=\"\" class=\"slider-278 slide-279\" title=\"wp2834894\" \/><\/li>\n                <li style=\"display: none; width: 100%;\" class=\"slide-281 ms-image\" aria-roledescription=\"slide\" aria-label=\"slide-281\"><img loading=\"lazy\" decoding=\"async\" src=\"https:\/\/demo.fanetwork.net\/wp-content\/uploads\/2023\/09\/wp3213868.jpg\" height=\"300\" width=\"700\" alt=\"\" class=\"slider-278 slide-281\" title=\"wp3213868\" \/><\/li>\n                <li style=\"display: none; width: 100%;\" class=\"slide-282 ms-image\" aria-roledescription=\"slide\" aria-label=\"slide-282\"><img loading=\"lazy\" decoding=\"async\" src=\"https:\/\/demo.fanetwork.net\/wp-content\/uploads\/2023\/09\/wp7961880.jpg\" height=\"300\" width=\"700\" alt=\"\" class=\"slider-278 slide-282\" title=\"wp7961880\" \/><\/li>\n                <li style=\"display: none; width: 100%;\" class=\"slide-283 ms-image\" aria-roledescription=\"slide\" aria-label=\"slide-283\"><img loading=\"lazy\" decoding=\"async\" src=\"https:\/\/demo.fanetwork.net\/wp-content\/uploads\/2023\/09\/wp8454634.jpg\" height=\"300\" width=\"700\" alt=\"\" class=\"slider-278 slide-283\" title=\"wp8454634\" \/><\/li>\n                <li style=\"display: none; width: 100%;\" class=\"slide-286 ms-image\" aria-roledescription=\"slide\" aria-label=\"slide-286\"><img loading=\"lazy\" decoding=\"async\" src=\"https:\/\/demo.fanetwork.net\/wp-content\/uploads\/2023\/09\/wp8454645.jpg\" height=\"300\" width=\"700\" alt=\"\" class=\"slider-278 slide-286\" title=\"wp8454645\" \/><\/li>\n                <li style=\"display: none; width: 100%;\" class=\"slide-287 ms-image\" aria-roledescription=\"slide\" aria-label=\"slide-287\"><img loading=\"lazy\" decoding=\"async\" src=\"https:\/\/demo.fanetwork.net\/wp-content\/uploads\/2023\/09\/wp8454648.jpg\" height=\"300\" width=\"700\" alt=\"\" class=\"slider-278 slide-287\" title=\"wp8454648\" \/><\/li>\n                <li style=\"display: none; width: 100%;\" class=\"slide-288 ms-image\" aria-roledescription=\"slide\" aria-label=\"slide-288\"><img loading=\"lazy\" decoding=\"async\" src=\"https:\/\/demo.fanetwork.net\/wp-content\/uploads\/2023\/09\/wp8454650.jpg\" height=\"300\" width=\"700\" alt=\"\" class=\"slider-278 slide-288\" title=\"wp8454650\" \/><\/li>\n                <li style=\"display: none; width: 100%;\" class=\"slide-290 ms-image\" aria-roledescription=\"slide\" aria-label=\"slide-290\"><img loading=\"lazy\" decoding=\"async\" src=\"https:\/\/demo.fanetwork.net\/wp-content\/uploads\/2023\/09\/wp8454648.jpg\" height=\"300\" width=\"700\" alt=\"\" class=\"slider-278 slide-290\" title=\"wp8454648\" \/><\/li>\n                <li style=\"display: none; width: 100%;\" class=\"slide-291 ms-image\" aria-roledescription=\"slide\" aria-label=\"slide-291\"><img loading=\"lazy\" decoding=\"async\" src=\"https:\/\/demo.fanetwork.net\/wp-content\/uploads\/2023\/09\/wp8454645.jpg\" height=\"300\" width=\"700\" alt=\"\" class=\"slider-278 slide-291\" title=\"wp8454645\" \/><\/li>\n                <li style=\"display: none; width: 100%;\" class=\"slide-294 ms-image\" aria-roledescription=\"slide\" aria-label=\"slide-294\"><img loading=\"lazy\" decoding=\"async\" src=\"https:\/\/demo.fanetwork.net\/wp-content\/uploads\/2023\/09\/wp8454634.jpg\" height=\"300\" width=\"700\" alt=\"\" class=\"slider-278 slide-294\" title=\"wp8454634\" \/><\/li>\n                <li style=\"display: none; width: 100%;\" class=\"slide-295 ms-image\" aria-roledescription=\"slide\" aria-label=\"slide-295\"><img loading=\"lazy\" decoding=\"async\" src=\"https:\/\/demo.fanetwork.net\/wp-content\/uploads\/2023\/09\/wp7961880.jpg\" height=\"300\" width=\"700\" alt=\"\" class=\"slider-278 slide-295\" title=\"wp7961880\" \/><\/li>\n                <li style=\"display: none; width: 100%;\" class=\"slide-296 ms-image\" aria-roledescription=\"slide\" aria-label=\"slide-296\"><img loading=\"lazy\" decoding=\"async\" src=\"https:\/\/demo.fanetwork.net\/wp-content\/uploads\/2023\/09\/wp3213868.jpg\" height=\"300\" width=\"700\" alt=\"\" class=\"slider-278 slide-296\" title=\"wp3213868\" \/><\/li>\n                <li style=\"display: none; width: 100%;\" class=\"slide-298 ms-image\" aria-roledescription=\"slide\" aria-label=\"slide-298\"><img loading=\"lazy\" decoding=\"async\" src=\"https:\/\/demo.fanetwork.net\/wp-content\/uploads\/2023\/09\/wp2834894.jpg\" height=\"300\" width=\"700\" alt=\"\" class=\"slider-278 slide-298\" title=\"wp2834894\" \/><\/li>\n            <\/ul>\n        <\/div>\n        \n    <\/div>\n<\/div><\/div>\n\n\n\n<p><\/p>\n\n\n\n<div class=\"wp-block-ps2id-block-target\" id=\"whyus\"><\/div>\n\n\n\n<div class=\"wp-block-group alignfull has-ast-global-color-4-background-color has-background\"><div class=\"wp-block-group__inner-container is-layout-constrained wp-container-core-group-is-layout-be8a1dfc wp-block-group-is-layout-constrained\"><div class=\"wp-block-image\">\n<figure class=\"aligncenter size-full is-resized\"><img loading=\"lazy\" decoding=\"async\" src=\"https:\/\/demo.fanetwork.net\/wp-content\/uploads\/2023\/09\/102545629-460200140.png\" alt=\"\" class=\"wp-image-47\" style=\"width:64px;height:64px\" width=\"64\" height=\"64\" srcset=\"https:\/\/demo.fanetwork.net\/wp-content\/uploads\/2023\/09\/102545629-460200140.png 512w, https:\/\/demo.fanetwork.net\/wp-content\/uploads\/2023\/09\/102545629-460200140-300x300.png 300w, https:\/\/demo.fanetwork.net\/wp-content\/uploads\/2023\/09\/102545629-460200140-150x150.png 150w\" sizes=\"auto, (max-width: 64px) 100vw, 64px\" \/><\/figure>\n<\/div>\n\n\n<p class=\"has-text-align-center\" style=\"font-size:22px;line-height:1.6\">&#8222;Wir sind nur eine etwas fortgeschrittene Brut von Affen auf einem kleinen Planeten, der um einen h\u00f6chst durchschnittlichen Stern kreist. Aber wir k\u00f6nnen das Universum verstehen.&#8220;<\/p>\n\n\n\n<p class=\"has-text-align-center\">Stephen Hawking<\/p>\n<\/div><\/div>\n\n\n\n<div class=\"wp-block-group alignfull\" style=\"padding-top:144px;padding-bottom:144px\"><div class=\"wp-block-group__inner-container is-layout-constrained wp-container-core-group-is-layout-360cd3be wp-block-group-is-layout-constrained\">\n<h2 class=\"wp-block-heading\">Warum Space Explorers?<\/h2>\n\n\n\n<div class=\"wp-block-columns is-layout-flex wp-container-core-columns-is-layout-327a385a wp-block-columns-is-layout-flex\" style=\"margin-top:60px\">\n<div class=\"wp-block-column is-layout-flow wp-block-column-is-layout-flow\">\n<figure class=\"wp-block-image size-large\"><img decoding=\"async\" src=\"https:\/\/demo.fanetwork.net\/wp-content\/themes\/astra\/inc\/assets\/images\/starter-content\/passionate.svg\" alt=\"\" class=\"wp-image-162\"\/><\/figure>\n\n\n\n<h3 class=\"wp-block-heading\" style=\"margin-top:16px\">Leidenschaft<\/h3>\n\n\n\n<p>Space Explorers besteht aus einem zweik\u00f6pfigen Team, welches sich schon seit dem Kindesalter mit dem Universum besch\u00e4ftigt.<\/p>\n<\/div>\n\n\n\n<div class=\"wp-block-column is-layout-flow wp-block-column-is-layout-flow\">\n<figure class=\"wp-block-image size-large\"><img decoding=\"async\" src=\"https:\/\/demo.fanetwork.net\/wp-content\/themes\/astra\/inc\/assets\/images\/starter-content\/professional.svg\" alt=\"\" class=\"wp-image-163\"\/><\/figure>\n\n\n\n<h3 class=\"wp-block-heading\" style=\"margin-top:16px\">Easy Use<\/h3>\n\n\n\n<p>\u00dcbersichtliche Benutzeroberfl\u00e4che erm\u00f6glicht es dir ganz einfach jede Ecke des Universums zu erforschen!<\/p>\n<\/div>\n\n\n\n<div class=\"wp-block-column is-layout-flow wp-block-column-is-layout-flow\">\n<figure class=\"wp-block-image size-large\"><img decoding=\"async\" src=\"https:\/\/demo.fanetwork.net\/wp-content\/themes\/astra\/inc\/assets\/images\/starter-content\/support.svg\" alt=\"\" class=\"wp-image-164\"\/><\/figure>\n\n\n\n<h3 class=\"wp-block-heading\" style=\"margin-top:16px\">Videogallerie<\/h3>\n\n\n\n<p>Wir bieten dir die gr\u00f6\u00dfte, kostenlose Astronomie Videogallerie im deutschsprachigen Raum!<\/p>\n<\/div>\n<\/div>\n<\/div><\/div>\n\n\n\n<div class=\"wp-block-ps2id-block-target\" id=\"contact\"><\/div>\n","protected":false},"excerpt":{"rendered":"<p>Kategorien Planeten Das Wort Planet kommt aus dem Griechischen: planetos, &#8218;Umherschweifender&#8216;. Ein Planet ist ein kugelf\u00f6rmiges Himmelsobjekt, in dessen Innern im Gegensatz zu einem Stern wie unserer Sonne keine thermonuklearen<\/p>\n<p><a href=\"https:\/\/demo.fanetwork.net\/\" class=\"more-link\">Continue reading<span class=\"screen-reader-text\">SPACE EXPLORERS<\/span><\/a><\/p>\n","protected":false},"author":1,"featured_media":0,"parent":0,"menu_order":0,"comment_status":"closed","ping_status":"closed","template":"","meta":{"footnotes":""},"class_list":["post-9","page","type-page","status-publish","hentry"],"yoast_head":"<!-- This site is optimized with the Yoast SEO plugin v21.2 - https:\/\/yoast.com\/wordpress\/plugins\/seo\/ -->\n<title>SPACE EXPLORERS -<\/title>\n<meta name=\"robots\" content=\"index, follow, max-snippet:-1, max-image-preview:large, max-video-preview:-1\" \/>\n<link rel=\"canonical\" href=\"https:\/\/demo.fanetwork.net\/\" \/>\n<meta property=\"og:locale\" content=\"de_DE\" \/>\n<meta property=\"og:type\" content=\"article\" \/>\n<meta property=\"og:title\" content=\"SPACE EXPLORERS -\" \/>\n<meta property=\"og:description\" content=\"Kategorien Planeten Das Wort Planet kommt aus dem Griechischen: planetos, &#8218;Umherschweifender&#8216;. Ein Planet ist ein kugelf\u00f6rmiges Himmelsobjekt, in dessen Innern im Gegensatz zu einem Stern wie unserer Sonne keine thermonuklearenContinue readingSPACE EXPLORERS\" \/>\n<meta property=\"og:url\" content=\"https:\/\/demo.fanetwork.net\/\" \/>\n<meta property=\"article:modified_time\" content=\"2023-09-26T10:21:03+00:00\" \/>\n<meta property=\"og:image\" content=\"https:\/\/demo.fanetwork.net\/wp-content\/uploads\/2023\/09\/vecteezy_planet-galaxy-space_16778853_58.png\" \/>\n<meta name=\"twitter:card\" content=\"summary_large_image\" \/>\n<meta name=\"twitter:label1\" content=\"Gesch\u00e4tzte Lesezeit\" \/>\n\t<meta name=\"twitter:data1\" content=\"4\u00a0Minuten\" \/>\n<script type=\"application\/ld+json\" class=\"yoast-schema-graph\">{\"@context\":\"https:\/\/schema.org\",\"@graph\":[{\"@type\":\"WebPage\",\"@id\":\"https:\/\/demo.fanetwork.net\/\",\"url\":\"https:\/\/demo.fanetwork.net\/\",\"name\":\"SPACE EXPLORERS -\",\"isPartOf\":{\"@id\":\"https:\/\/demo.fanetwork.net\/#website\"},\"datePublished\":\"2023-09-25T07:54:02+00:00\",\"dateModified\":\"2023-09-26T10:21:03+00:00\",\"breadcrumb\":{\"@id\":\"https:\/\/demo.fanetwork.net\/#breadcrumb\"},\"inLanguage\":\"de\",\"potentialAction\":[{\"@type\":\"ReadAction\",\"target\":[\"https:\/\/demo.fanetwork.net\/\"]}]},{\"@type\":\"BreadcrumbList\",\"@id\":\"https:\/\/demo.fanetwork.net\/#breadcrumb\",\"itemListElement\":[{\"@type\":\"ListItem\",\"position\":1,\"name\":\"Startseite\",\"item\":\"https:\/\/demo.fanetwork.net\/\"},{\"@type\":\"ListItem\",\"position\":2,\"name\":\"SPACE EXPLORERS\"}]},{\"@type\":\"WebSite\",\"@id\":\"https:\/\/demo.fanetwork.net\/#website\",\"url\":\"https:\/\/demo.fanetwork.net\/\",\"name\":\"\",\"description\":\"\",\"potentialAction\":[{\"@type\":\"SearchAction\",\"target\":{\"@type\":\"EntryPoint\",\"urlTemplate\":\"https:\/\/demo.fanetwork.net\/?s={search_term_string}\"},\"query-input\":\"required name=search_term_string\"}],\"inLanguage\":\"de\"}]}<\/script>\n<!-- \/ Yoast SEO plugin. -->","yoast_head_json":{"title":"SPACE EXPLORERS -","robots":{"index":"index","follow":"follow","max-snippet":"max-snippet:-1","max-image-preview":"max-image-preview:large","max-video-preview":"max-video-preview:-1"},"canonical":"https:\/\/demo.fanetwork.net\/","og_locale":"de_DE","og_type":"article","og_title":"SPACE EXPLORERS -","og_description":"Kategorien Planeten Das Wort Planet kommt aus dem Griechischen: planetos, &#8218;Umherschweifender&#8216;. Ein Planet ist ein kugelf\u00f6rmiges Himmelsobjekt, in dessen Innern im Gegensatz zu einem Stern wie unserer Sonne keine thermonuklearenContinue readingSPACE EXPLORERS","og_url":"https:\/\/demo.fanetwork.net\/","article_modified_time":"2023-09-26T10:21:03+00:00","og_image":[{"url":"https:\/\/demo.fanetwork.net\/wp-content\/uploads\/2023\/09\/vecteezy_planet-galaxy-space_16778853_58.png"}],"twitter_card":"summary_large_image","twitter_misc":{"Gesch\u00e4tzte Lesezeit":"4\u00a0Minuten"},"schema":{"@context":"https:\/\/schema.org","@graph":[{"@type":"WebPage","@id":"https:\/\/demo.fanetwork.net\/","url":"https:\/\/demo.fanetwork.net\/","name":"SPACE EXPLORERS -","isPartOf":{"@id":"https:\/\/demo.fanetwork.net\/#website"},"datePublished":"2023-09-25T07:54:02+00:00","dateModified":"2023-09-26T10:21:03+00:00","breadcrumb":{"@id":"https:\/\/demo.fanetwork.net\/#breadcrumb"},"inLanguage":"de","potentialAction":[{"@type":"ReadAction","target":["https:\/\/demo.fanetwork.net\/"]}]},{"@type":"BreadcrumbList","@id":"https:\/\/demo.fanetwork.net\/#breadcrumb","itemListElement":[{"@type":"ListItem","position":1,"name":"Startseite","item":"https:\/\/demo.fanetwork.net\/"},{"@type":"ListItem","position":2,"name":"SPACE EXPLORERS"}]},{"@type":"WebSite","@id":"https:\/\/demo.fanetwork.net\/#website","url":"https:\/\/demo.fanetwork.net\/","name":"","description":"","potentialAction":[{"@type":"SearchAction","target":{"@type":"EntryPoint","urlTemplate":"https:\/\/demo.fanetwork.net\/?s={search_term_string}"},"query-input":"required name=search_term_string"}],"inLanguage":"de"}]}},"_links":{"self":[{"href":"https:\/\/demo.fanetwork.net\/index.php\/wp-json\/wp\/v2\/pages\/9","targetHints":{"allow":["GET"]}}],"collection":[{"href":"https:\/\/demo.fanetwork.net\/index.php\/wp-json\/wp\/v2\/pages"}],"about":[{"href":"https:\/\/demo.fanetwork.net\/index.php\/wp-json\/wp\/v2\/types\/page"}],"author":[{"embeddable":true,"href":"https:\/\/demo.fanetwork.net\/index.php\/wp-json\/wp\/v2\/users\/1"}],"replies":[{"embeddable":true,"href":"https:\/\/demo.fanetwork.net\/index.php\/wp-json\/wp\/v2\/comments?post=9"}],"version-history":[{"count":157,"href":"https:\/\/demo.fanetwork.net\/index.php\/wp-json\/wp\/v2\/pages\/9\/revisions"}],"predecessor-version":[{"id":411,"href":"https:\/\/demo.fanetwork.net\/index.php\/wp-json\/wp\/v2\/pages\/9\/revisions\/411"}],"wp:attachment":[{"href":"https:\/\/demo.fanetwork.net\/index.php\/wp-json\/wp\/v2\/media?parent=9"}],"curies":[{"name":"wp","href":"https:\/\/api.w.org\/{rel}","templated":true}]}}